2160282471 is divided by 8.
7
What is the remainder when 15766407 is divided by 330?
327
What is the remainder when 221657 is divided by 110345?
967
Calculate the remainder when 1166147 is divided by 76.
3
Calculate the remainder when 7398696 is divided by 7398627.
69
What is the remainder when 45229237 is divided by 140?
137
What is the remainder when 1489811 is divided by 8320?
531
Calculate the remainder when 167067 is divided by 82240.
2587
What is the remainder when 2304289 is divided by 17862?
91
Calculate the remainder when 8708677 is divided by 16038.
43
What is the remainder when 1138259 is divided by 503?
473
What is the remainder when 64994 is divided by 64731?
263
What is the remainder when 858853 is divided by 19?
15
What is the remainder when 5698869 is divided by 461?
448
What is the remainder when 1921077 is divided by 729?
162
Calculate the remainder when 494392 is divided by 1600.
1592
What is the remainder when 46211019 is divided by 15403654?
57
Calculate the remainder when 595723 is divided by 408.
43
Calculate the remainder when 993529 is divided by 35.
19
Calculate the remainder when 68278642 is divided by 42.
40
Calculate the remainder when 55157 is divided by 3647.
452
Calculate the remainder when 5720082 is divided by 1430016.
18
Calculate the remainder when 32183134 is divided by 97.
86
What is the remainder when 770911 is divided by 100?
11
What is the remainder when 22054152 is divided by 5513522?
64
Calculate the remainder when 36190 is divided by 12049.
43
What is the remainder when 41377 is divided by 3448?
1
Calculate the remainder when 79188 is divided by 26356.
120
What is the remainder when 63295 is divided by 3833?
1967
Calculate the remainder when 2711820 is divided by 903934.
18
Calculate the remainder when 198758 is divided by 4414.
128
What is the remainder when 54265425 is divided by 476?
473
Calculate the remainder when 179090 is divided by 88734.
1622
What is the remainder when 489489 is divided by 162904?
777
Calculate the remainder when 171697 is divided by 42889.
141
Calculate the remainder when 560718 is divided by 17522.
14
What is the remainder when 3850060 is divided by 133?
109
What is the remainder when 855772 is divided by 1144?
60
What is the remainder when 6894516 is divided by 984929?
13
Calculate the remainder when 109647175 is divided by 109647171.
4
Calculate the remainder when 2744175 is divided by 3898.
3881
Calculate the remainder when 7798808 is divided by 317.
291
Calculate the remainder when 2713987 is divided by 15870.
217
What is the remainder when 15259 is divided by 3126?
2755
Calculate the remainder when 5813237 is divided by 28.
17
What is the remainder when 74053377 is divided by 246?
243
What is the remainder when 11347293 is divided by 406?
405
Calculate the remainder when 870202 is divided by 1212.
1198
What is the remainder when 1537963 is divided by 191?
31
What is the remainder when 819288 is divided by 34?
24
Calculate the remainder when 1022583 is divided by 204480.
183
What is the remainder when 31387242 is divided by 7?
5
Calculate the remainder when 260517 is divided by 1112.
309
Calculate the remainder when 98788 is divided by 32693.
709
Calculate the remainder when 532654 is divided by 54.
52
Calculate the remainder when 1470407 is divided by 421.
275
What is the remainder when 712884 is divided by 712848?
36
Calculate the remainder when 10736206 is divided by 3404.
3394
What is the remainder when 1862082 is divided by 752?
130
Calculate the remainder when 19355188 is divided by 8.
4
Calculate the remainder when 10253755 is divided by 3417887.
94
What is the remainder when 1594801 is divided by 2104?
2073
What is the remainder when 21887739 is divided by 11?
5
Calculate the remainder when 6272 is divided by 209.
2
What is the remainder when 3082629 is divided by 280238?
11
What is the remainder when 47288 is divided by 270?
38
What is the remainder when 492079277 is divided by 1258?
1255
What is the remainder when 139660796 is divided by 2622?
2588
Calculate the remainder when 10591713 is divided by 438.
435
What is the remainder when 30337223 is divided by 5710?
5703
What is the remainder when 100700 is divided by 1094?
52
Calculate the remainder when 26567521 is divided by 1105.
6
Calculate the remainder when 432042 is divided by 3724.
58
Calculate the remainder when 2719013 is divided by 543797.
28
Calculate the remainder when 152136 is divided by 133.
117
What is the remainder when 691397 is divided by 230456?
29
What is the remainder when 2250143 is divided by 268?
15
Calculate the remainder when 25923753 is divided by 730.
723
Calculate the remainder when 428601 is divided by 53518.
457
What is the remainder when 8034643 is divided by 19?
18
What is the remainder when 139086345 is divided by 19?
18
Calculate the remainder when 457196 is divided by 9727.
27
What is the remainder when 3865362 is divided by 32211?
42
Calculate the remainder when 2473004 is divided by 34347.
20
Calculate the remainder when 193688 is divided by 1583.
562
Calculate the remainder when 1464014 is divided by 16266.
74
What is the remainder when 8647 is divided by 1892?
1079
What is the remainder when 1179239 is divided by 536?
39
Calculate the remainder when 9454048 is divided by 556120.
8
What is the remainder when 23920826 is divided by 360?
266
Calculate the remainder when 296762092 is divided by 494.
484
What is the remainder when 331072 is divided by 1160?
472
Calculate the remainder when 3613098 is divided by 1584.
1578
Calculate the remainder when 130469754 is divided by 65.
64
Calculate the remainder when 747631 is divided by 21970.
651
Calculate the remainder when 434243 is divided by 147.
5
Calculate the remainder when 103177 is divided by 881.
100
What is the remainder when 40608 is divided by 9469?
2732
What is the remainder when 720597 is divided by 360067?
463
What is the remainder when 2844549 is divided by 402?
399
Calculate the remainder when 20477215 is divided by 11.
0
What is the remainder when 194162 is divided by 1074?
842
What is the remainder when 28601975 is divided by 1258?
87
Calculate the remainder when 2880253 is divided by 24.
13
What is the remainder when 769886 is divided by 8847?
197
Calculate the remainder when 24383421 is divided by 171.
18
Calculate the remainder when 2158140 is divided by 719376.
12
What is the remainder when 6804618 is divided by 77324?
106
What is the remainder when 2803320 is divided by 178?
176
What is the remainder when 40174418 is divided by 98?
4
Calculate the remainder when 6980800 is divided by 30.
10
What is the remainder when 217601 is divided by 107700?
2201
Calculate the remainder when 7420 is divided by 521.
126
What is the remainder when 1925282 is divided by 858?
788
Calculate the remainder when 7308453 is divided by 4755.
18
What is the remainder when 165968 is divided by 130?
88
What is the remainder when 264105007 is divided by 89?
88
Calculate the remainder when 1789859 is divided by 20.
19
What is the remainder when 33431902 is divided by 5536?
5534
Calculate the remainder when 58499 is divided by 3196.
971
Calculate the remainder when 230669 is divided by 37529.
5495
Calculate the remainder when 31606 is divided by 796.
562
Calculate the remainder when 24226 is divided by 638.
620
Calculate the remainder when 469442 is divided by 349.
37
Calculate the remainder when 11010498 is divided by 734033.
3
What is the remainder when 1086462 is divided by 1086451?
11
What is the remainder when 79210 is divided by 673?
469
Calculate the remainder when 134628 is divided by 2985.
303
Calculate the remainder when 3147337 is divided by 1049112.
1
What is the remainder when 109178 is divided by 54544?
90
What is the remainder when 27966 is divided by 371?
141
Calculate the remainder when 10858926 is divided by 319380.
6
Calculate the remainder when 6478672 is divided by 4240.
4192
Calculate the remainder when 94482837 is divided by 32.
21
What is the remainder when 1442414 is divided by 1154?
1068
Calculate the remainder when 46290479 is divided by 15430157.
8
Calculate the remainder when 108571 is divided by 1054.
9
What is the remainder when 14350207 is divided by 2994?
2959
What is the remainder when 1831041 is